
In base 6, what is 345 + -32?
313
In base 6, what is 301 + 1?
302
In base 13, what is 1 - -1bc?
1c0
In base 15, what is 52 + 4c?
9e
In base 12, what is 1b + 3?
22
In base 6, what is -22 - 5?
-31
In base 3, what is 2121 + 11?
2202
In base 3, what is -21 - 211?
-1002
In base 16, what is 6f - -a?
79
In base 9, what is -725 + -20?
-745
In base 8, what is 326 + 44?
372
In base 10, what is -2 - -553?
551
In base 4, what is -1303 - 10?
-1313
In base 6, what is -1 + -102?
-103
In base 12, what is b15 - 0?
b15
In base 5, what is -14 + 44?
30
In base 4, what is 23 - 31?
-2
In base 11, what is -7 + -110?
-117
In base 3, what is 10002110 - -1?
10002111
In base 2, what is -1000110 - 10101011?
-11110001
In base 3, what is -111 - -10?
-101
In base 15, what is -203 + 2?
-201
In base 7, what is 20054 + -2?
20052
In base 13, what is -5 + -10c?
-114
In base 7, what is -3454 + 5?
-3446
In base 2, what is -10111011 + 10010?
-10101001
In base 7, what is -3 + -1325?
-1331
In base 10, what is 5 - -21?
26
In base 3, what is 12 + 1010?
1022
In base 16, what is 57 + -8?
4f
In base 10, what is -4 + 638?
634
In base 10, what is -37 + -37?
-74
In base 5, what is -12 + -234?
-301
In base 11, what is -5 + -1533?
-1538
In base 4, what is -11 - -21032?
21021
In base 11, what is 44 - 2?
42
In base 13, what is 1c + 11?
30
In base 3, what is 22 - 2?
20
In base 2, what is 0 - 11011?
-11011
In base 7, what is 56164 + 5?
56202
In base 4, what is -2333 - -1?
-2332
In base 15, what is -9 - -7?
-2
In base 9, what is 14 - 2678?
-2664
In base 2, what is 1 - -111011?
111100
In base 2, what is 1101 + 101101100?
101111001
In base 14, what is -5 - -5b?
56
In base 8, what is 4413 + 4?
4417
In base 11, what is a - -7?
16
In base 15, what is 4 - 2d71?
-2d6c
In base 16, what is -322 - 0?
-322
In base 10, what is 10 - -55?
65
In base 14, what is 4 - -61?
65
In base 15, what is -295 - -4?
-291
In base 5, what is 3 - -233?
241
In base 3, what is 20 + 100122?
100212
In base 16, what is 0 - aa9?
-aa9
In base 8, what is 67 + 12?
101
In base 14, what is 5 + -19?
-14
In base 12, what is -240 + 2?
-23a
In base 11, what is -7 - -40?
34
In base 2, what is 101 - 1000001?
-111100
In base 7, what is 4 - -2160?
2164
In base 16, what is 5 - -2c6?
2cb
In base 2, what is -1101 - -11?
-1010
In base 13, what is 5 + 49?
51
In base 2, what is 0 - 101110101?
-101110101
In base 14, what is 6ad - -2?
6b1
In base 7, what is 3 - 244?
-241
In base 5, what is 330 - -202?
1032
In base 13, what is 41 - -7?
48
In base 9, what is -302 + -2?
-304
In base 15, what is 3 + -a6?
-a3
In base 3, what is 120100022 + 10?
120100102
In base 12, what is 4a2 - -5?
4a7
In base 7, what is 3 + 413?
416
In base 5, what is -30 + -3?
-33
In base 10, what is -151 + 1?
-150
In base 8, what is -171 + -5?
-176
In base 2, what is 101 + -10111000101?
-10111000000
In base 8, what is 0 + -3463?
-3463
In base 5, what is -2132 + 3?
-2124
In base 11, what is -3 - 248?
-250
In base 5, what is -11210 - -1?
-11204
In base 8, what is -1262 + -5?
-1267
In base 7, what is 31 - 15?
13
In base 8, what is 2 + -7553?
-7551
In base 8, what is 231 - -4?
235
In base 4, what is -131 + 103?
-22
In base 7, what is -4 + 21?
14
In base 13, what is 6 + 3c?
45
In base 10, what is 3 - 52?
-49
In base 7, what is -101 + 0?
-101
In base 7, what is -3134 + -4?
-3141
In base 12, what is 33 - 19?
16
In base 15, what is -a6 - 0?
-a6
In base 10, what is -1249 + 4?
-1245
In base 3, what is -10 + 100000?
22220
In base 3, what is 1 - 10022?
-10021
In base 7, what is -3 + 3326?
3323
In base 5, what is -1301 - 2?
-1303
In base 7, what is 3 + 150?
153
In base 11, what is -8 + 2a4?
297
In base 13, what is 6 + 10?
16
In base 11, what is 7 - -126?
132
In base 5, what is -3013 + -3?
-3021
In base 15, what is 1e - -4?
23
In base 4, what is 11 - 112230?
-112213
In base 7, what is 231 - -3?
234
In base 2, what is 110 + -100000011?
-11111101
In base 13, what is 4 - 39?
-35
In base 10, what is -2 + 4075?
4073
In base 15, what is -4e8d - 0?
-4e8d
In base 8, what is 1107 - 2?
1105
In base 6, what is 20 - 42?
-22
In base 14, what is 2b89 + -3?
2b86
In base 3, what is 110 + 2222?
10102
In base 15, what is -11d + -12?
-130
In base 4, what is 2 - 111?
-103
In base 9, what is 48 - 0?
48
In base 13, what is -1a62 + -2?
-1a64
In base 16, what is 897 + 2?
899
In base 11, what is 490 + -5?
486
In base 3, what is -1002 + 0?
-1002
In base 5, what is 4 + -2011?
-2002
In base 7, what is 3431 + -5?
3423
In base 5, what is -1421 - -2?
-1414
In base 2, what is 10 + 1001010110010?
1001010110100
In base 6, what is 4044 - -4?
4052
In base 3, what is -112 + 100?
-12
In base 2, what is -11011100 + 11?
-11011001
In base 15, what is c3 - -13?
d6
In base 9, what is -457 + 2?
-455
In base 13, what is -4 + 621?
61a
In base 15, what is -12 - 3?
-15
In base 9, what is -3 + 2144?
2141
In base 9, what is -18 + -114?
-133
In base 2, what is 11 + 111?
1010
In base 11, what is 3 - 4?
-1
In base 3, what is 10210112 - 0?
10210112
In base 7, what is -1 + -40?
-41
In base 4, what is 3 - -13301?
13310
In base 11, what is 93 - 5?
89
In base 16, what is -f3 - 0?
-f3
In base 11, what is -1 + a2?
a1
In base 14, what is -1 + 24c?
24b
In base 12, what is -4 - -24?
20
In base 16, what is 13c - -5?
141
In base 14, what is -80 - 76?
-116
In base 3, what is 1 - 200?
-122
In base 4, what is -311 - 100?
-1011
In base 15, what is -93 + 31?
-62
In base 7, what is 410 + -35?
342
In base 12, what is -335 - -5?
-330
In base 8, what is 627 - -7?
636
In base 11, what is 721 + -4?
718
In base 4, what is 1330 - -20?
2010
In base 4, what is 233231 + -1?
233230
In base 4, what is -11 - -2200?
2123
In base 4, what is 2 - 1313?
-1311
In base 8, what is 34 - 3?
31
In base 3, what is -1000 + -101?
-1101
In base 4, what is -10 - 13133?
-13203
In base 13, what is -2 + 8b?
89
In base 14, what is -23b0 - -1?
-23ad
In base 9, what is 0 - -356?
356
In base 3, what is 110 + -11100?
-10220
In base 12, what is -1857a - -4?
-18576
In base 2, what is 111101010001 - -10?
111101010011
In base 7, what is 315 - -2?
320
In base 15, what is -28c + 1?
-28b
In base 15, what is -1a9c - -4?
-1a98
In base 4, what is -120133 + 10?
-120123
In base 13, what is -5 - -3a?
35
In base 5, what is -12 + 42?
30
In base 14, what is -13 + -2?
-15
In base 3, what is -11111 + 101?
-11010
In base 11, what is -1922 + -3?
-1925
In base 4, what is 1 - -21301?
21302
In base 12, what is -760 - -2?
-75a
In base 2, what is -101 + 110011?
101110
In base 7, what is -15 + 262?
244
In base 12, what is 2921 - 4?
2919
In base 5, what is -13 - 3?
-21
In base 9, what is 1 - 5?
-4
In base 15, what is 1 + 93?
94
In base 9, what is 2 - -2002?
2004
In base 11, what is -10 + -65?
-75
In base 2, what is 1 + -10000011?
-10000010
In base 5, what is 1 + 12?
13
In base 7, what is 426 - 13?
413
In base 14, what is -4 - 5c?
-62
In base 6, what is -423 - 4?
-431
In base 9, what is -576 + -5?
-582
In base 3, what is -1202 - -1010?
-122
In base 10, what is 4 + -1292?
-1288
In base 12, what is 2 - a40?
-a3a
In base 7, what is -13 + 2?
-11
In base 11, what is 4 - -997?
9a0
In base 12, what is 4 - 213?
-20b
In base 14, what is -22a - 2?
-22c
In base 5, what is 10 + -1104?
-1044
In base 3, what is 11 - -2111?
2122
In base 8, what is 4611 - 5?
4604
In base 3, what is 0 - 20?
-20
In base 16, what is -f7 - 0?
-f7
In base 3, what is -221201 - 1?
-221202
In base 14, what is -670 - -5?
-669
In base 3, what is 2 - -111111?
111120
In base 15, what is -2e - 2?
-31
In base 15, what is 1 + b2b?
b2c
In base 11, what is 6055 + -1?
6054
In base 15, what is 226 + 1?
227
In base 3, what is 21 + -1102?
-1011
In base 5, what is -141 - 4?
-200
In base 14, what is 3 + 77?
7a
In base 16, what is 3 + 27f?
282
In base 7, what is -632 - -4?
-625
In base 13, what is 1c - 440?
-421
In base 4, what is -11323 + -12?
-12001
In base 4, what is -1 - -30?
23
In base 12, what is 12 - -6?
18
In base 11, what is -103 + -40?
-143
In base 7, what is -1021 + -1?
-1022
In base 13, what is -74 - 2?
-76
In base 12, what is -5464 + 3?
-5461
In base 9, what is -1 - -2?
1
In base 5, what is -20 + -20?
-40
In base 10, what is 19 - 989?
-970
In base 8, what is 242 - -2?
244
In base 14, what is 6d + -1?
6c
In base 12, what is -858 + 5?
-853
In base 4, what is 1220101 - 2?
122